{"id":389,"date":"2023-06-12T20:44:40","date_gmt":"2023-06-12T18:44:40","guid":{"rendered":"https:\/\/www.butine-asso.fr\/?page_id=389"},"modified":"2023-06-12T20:50:17","modified_gmt":"2023-06-12T18:50:17","slug":"financement-participatif-dune-miellerie","status":"publish","type":"page","link":"https:\/\/www.butine-asso.fr\/index.php\/financement-participatif-dune-miellerie\/","title":{"rendered":"La premi\u00e8re miellerie collective de Bourgogne Franche-Comt\u00e9"},"content":{"rendered":"\n<figure class=\"wp-block-image size-full\"><a href=\"https:\/\/bluebees.fr\/fr\/project\/1105-butine-et-compagnie\"><img loading=\"lazy\" decoding=\"async\" width=\"1000\" height=\"750\" src=\"http:\/\/www.butine-asso.fr\/wp-content\/uploads\/2023\/06\/R.jpg\" alt=\"\" class=\"wp-image-376\" srcset=\"https:\/\/www.butine-asso.fr\/wp-content\/uploads\/2023\/06\/R.jpg 1000w, https:\/\/www.butine-asso.fr\/wp-content\/uploads\/2023\/06\/R-300x225.jpg 300w, https:\/\/www.butine-asso.fr\/wp-content\/uploads\/2023\/06\/R-768x576.jpg 768w, https:\/\/www.butine-asso.fr\/wp-content\/uploads\/2023\/06\/R-678x509.jpg 678w, https:\/\/www.butine-asso.fr\/wp-content\/uploads\/2023\/06\/R-326x245.jpg 326w, https:\/\/www.butine-asso.fr\/wp-content\/uploads\/2023\/06\/R-80x60.jpg 80w\" sizes=\"auto, (max-width: 1000px) 100vw, 1000px\" \/><\/a><\/figure>\n\n\n\n<p>Pour <strong>lutter contre le faux mie<\/strong>l<strong> et soutenir les petits apiculteurs<\/strong>, nous voulons <strong>offrir une miellerie collective<\/strong> aux petits apiculteurs.<\/p>\n\n\n\n<p><strong>Soutenez nous financi\u00e8rement en b\u00e9n\u00e9ficiant de nos contreparties<\/strong> : pots de miel, graines mellif\u00e8res, parrainage de ruches\u2026<\/p>\n\n\n\n<h3 class=\"wp-block-heading\"><strong>nous avons besoin de vous !<\/strong><\/h3>\n\n\n\n<h2 class=\"wp-block-heading\">Toutes les infos sont ici :&nbsp;<\/h2>\n\n\n\n<h2 class=\"wp-block-heading\"><a rel=\"noreferrer noopener\" href=\"https:\/\/bluebees.fr\/fr\/project\/1105-butine-et-compagnie\" target=\"_blank\">https:\/\/bluebees.fr\/fr\/project\/1105-butine-et-compagnie<\/a><\/h2>\n\n\n\n<p><\/p>\n\n\n\n<p>Merci de votre soutien financier ! Et parlez en autour de vous. Plus nous serons nombreux \u00e0 soutenir financi\u00e8rement notre miellerie, plus vite nous pourrons la mettre \u00e0 disposition des petits producteurs.<\/p>\n\n\n\n<div style=\"height:236px\" aria-hidden=\"true\" class=\"wp-block-spacer\"><\/div>\n","protected":false},"excerpt":{"rendered":"<div class=\"mh-excerpt\"><p>Pour lutter contre le faux miel et soutenir les petits apiculteurs, nous voulons offrir une miellerie collective aux petits apiculteurs. Soutenez nous financi\u00e8rement en b\u00e9n\u00e9ficiant <a class=\"mh-excerpt-more\" href=\"https:\/\/www.butine-asso.fr\/index.php\/financement-participatif-dune-miellerie\/\" title=\"La premi\u00e8re miellerie collective de Bourgogne Franche-Comt\u00e9\">[&#8230;]<\/a><\/p>\n<\/div>","protected":false},"author":1,"featured_media":0,"parent":0,"menu_order":0,"comment_status":"closed","ping_status":"closed","template":"","meta":{"footnotes":""},"class_list":["post-389","page","type-page","status-publish","hentry"],"_links":{"self":[{"href":"https:\/\/www.butine-asso.fr\/index.php\/wp-json\/wp\/v2\/pages\/389","targetHints":{"allow":["GET"]}}],"collection":[{"href":"https:\/\/www.butine-asso.fr\/index.php\/wp-json\/wp\/v2\/pages"}],"about":[{"href":"https:\/\/www.butine-asso.fr\/index.php\/wp-json\/wp\/v2\/types\/page"}],"author":[{"embeddable":true,"href":"https:\/\/www.butine-asso.fr\/index.php\/wp-json\/wp\/v2\/users\/1"}],"replies":[{"embeddable":true,"href":"https:\/\/www.butine-asso.fr\/index.php\/wp-json\/wp\/v2\/comments?post=389"}],"version-history":[{"count":4,"href":"https:\/\/www.butine-asso.fr\/index.php\/wp-json\/wp\/v2\/pages\/389\/revisions"}],"predecessor-version":[{"id":393,"href":"https:\/\/www.butine-asso.fr\/index.php\/wp-json\/wp\/v2\/pages\/389\/revisions\/393"}],"wp:attachment":[{"href":"https:\/\/www.butine-asso.fr\/index.php\/wp-json\/wp\/v2\/media?parent=389"}],"curies":[{"name":"wp","href":"https:\/\/api.w.org\/{rel}","templated":true}]}}