{"id":572,"date":"2024-12-19T15:53:27","date_gmt":"2024-12-19T14:53:27","guid":{"rendered":"https:\/\/www.butine-asso.fr\/?page_id=572"},"modified":"2026-01-18T17:35:40","modified_gmt":"2026-01-18T16:35:40","slug":"decouvrir-lapiculture","status":"publish","type":"page","link":"https:\/\/www.butine-asso.fr\/index.php\/decouvrir-lapiculture\/","title":{"rendered":"D\u00e9couvrir l&rsquo;apiculture"},"content":{"rendered":"\n<figure class=\"wp-block-gallery has-nested-images columns-default is-cropped wp-block-gallery-1 is-layout-flex wp-block-gallery-is-layout-flex\">\n<figure class=\"wp-block-image size-large\"><img loading=\"lazy\" decoding=\"async\" width=\"1024\" height=\"768\" data-id=\"347\" src=\"https:\/\/www.butine-asso.fr\/wp-content\/uploads\/2023\/05\/20230429_141631-scaled-e1684155436494-1024x768.jpg\" alt=\"\" class=\"wp-image-347\" srcset=\"https:\/\/www.butine-asso.fr\/wp-content\/uploads\/2023\/05\/20230429_141631-scaled-e1684155436494-1024x768.jpg 1024w, https:\/\/www.butine-asso.fr\/wp-content\/uploads\/2023\/05\/20230429_141631-scaled-e1684155436494-300x225.jpg 300w, https:\/\/www.butine-asso.fr\/wp-content\/uploads\/2023\/05\/20230429_141631-scaled-e1684155436494-768x576.jpg 768w, https:\/\/www.butine-asso.fr\/wp-content\/uploads\/2023\/05\/20230429_141631-scaled-e1684155436494-678x509.jpg 678w, https:\/\/www.butine-asso.fr\/wp-content\/uploads\/2023\/05\/20230429_141631-scaled-e1684155436494-326x245.jpg 326w, https:\/\/www.butine-asso.fr\/wp-content\/uploads\/2023\/05\/20230429_141631-scaled-e1684155436494-80x60.jpg 80w, https:\/\/www.butine-asso.fr\/wp-content\/uploads\/2023\/05\/20230429_141631-scaled-e1684155436494.jpg 1200w\" sizes=\"auto, (max-width: 1024px) 100vw, 1024px\" \/><\/figure>\n\n\n\n<figure class=\"wp-block-image size-large\"><img loading=\"lazy\" decoding=\"async\" width=\"768\" height=\"1024\" data-id=\"407\" src=\"https:\/\/www.butine-asso.fr\/wp-content\/uploads\/2023\/08\/IMG-20230728-WA0003-768x1024.jpg\" alt=\"\" class=\"wp-image-407\" srcset=\"https:\/\/www.butine-asso.fr\/wp-content\/uploads\/2023\/08\/IMG-20230728-WA0003-768x1024.jpg 768w, https:\/\/www.butine-asso.fr\/wp-content\/uploads\/2023\/08\/IMG-20230728-WA0003-225x300.jpg 225w, https:\/\/www.butine-asso.fr\/wp-content\/uploads\/2023\/08\/IMG-20230728-WA0003-1152x1536.jpg 1152w, https:\/\/www.butine-asso.fr\/wp-content\/uploads\/2023\/08\/IMG-20230728-WA0003.jpg 1200w\" sizes=\"auto, (max-width: 768px) 100vw, 768px\" \/><\/figure>\n\n\n\n<figure class=\"wp-block-image size-large\"><img loading=\"lazy\" decoding=\"async\" width=\"1024\" height=\"614\" data-id=\"576\" src=\"https:\/\/www.butine-asso.fr\/wp-content\/uploads\/2024\/12\/P1030146-2000x1200-1-1024x614-1.jpg\" alt=\"\" class=\"wp-image-576\" srcset=\"https:\/\/www.butine-asso.fr\/wp-content\/uploads\/2024\/12\/P1030146-2000x1200-1-1024x614-1.jpg 1024w, https:\/\/www.butine-asso.fr\/wp-content\/uploads\/2024\/12\/P1030146-2000x1200-1-1024x614-1-300x180.jpg 300w, https:\/\/www.butine-asso.fr\/wp-content\/uploads\/2024\/12\/P1030146-2000x1200-1-1024x614-1-768x461.jpg 768w\" sizes=\"auto, (max-width: 1024px) 100vw, 1024px\" \/><\/figure>\n<\/figure>\n\n\n\n<p>Vous souhaitez d\u00e9couvrir l&rsquo;apiculture ou offrir \u00e0 un passionn\u00e9 des abeilles une s\u00e9ance de d\u00e9couverte de l&rsquo;apiculture avec nos apiculteurs r\u00e9f\u00e9rents ? Ceci est pour vous !<\/p>\n\n\n\n<p>Apr\u00e8s un cours th\u00e9orique sur les abeilles et les pollinisateurs, un apiculteur vous pr\u00eatera une tenue de protection et vous accompagnera visiter nos ruches.&nbsp;<br>Vous pourrez voir les abeilles travailler, nourrir leurs b\u00e9b\u00e9s, voir les butineuses danser pour signaler les sources de nourriture \u00e0 leurs s\u0153urs et vous comprendrez le travail de l&rsquo;apiculteur pour accompagner ses abeilles tout au long de l&rsquo;ann\u00e9e.<br>Et si vous \u00eates chanceux, vous pourrez m\u00eame voir la reine !<\/p>\n\n\n\n<h2 class=\"wp-block-heading\">Inscrivez-vous ici :<\/h2>\n\n\n\n<p><a href=\"https:\/\/butine-asso.s2.yapla.com\/fr\/event-102087\"><strong>Initiation \u00e0 l&rsquo;apiculture &#8211; 25 avril 2026<\/strong><\/a><\/p>\n\n\n\n<p><a href=\"https:\/\/butine-asso.s2.yapla.com\/fr\/event-102090\"><strong>Initiation \u00e0 l&rsquo;apiculture &#8211; 23 mai 2026<\/strong><\/a><\/p>\n\n\n\n<p><a href=\"https:\/\/butine-asso.s2.yapla.com\/fr\/event-102091\"><strong>Initiation \u00e0 l&rsquo;apiculture &#8211; 30 mai 2026<\/strong><\/a><\/p>\n","protected":false},"excerpt":{"rendered":"<div class=\"mh-excerpt\"><p>Vous souhaitez d\u00e9couvrir l&rsquo;apiculture ou offrir \u00e0 un passionn\u00e9 des abeilles une s\u00e9ance de d\u00e9couverte de l&rsquo;apiculture avec nos apiculteurs r\u00e9f\u00e9rents ? Ceci est pour <a class=\"mh-excerpt-more\" href=\"https:\/\/www.butine-asso.fr\/index.php\/decouvrir-lapiculture\/\" title=\"D\u00e9couvrir l&rsquo;apiculture\">[&#8230;]<\/a><\/p>\n<\/div>","protected":false},"author":1,"featured_media":0,"parent":0,"menu_order":0,"comment_status":"closed","ping_status":"closed","template":"","meta":{"footnotes":""},"class_list":["post-572","page","type-page","status-publish","hentry"],"_links":{"self":[{"href":"https:\/\/www.butine-asso.fr\/index.php\/wp-json\/wp\/v2\/pages\/572","targetHints":{"allow":["GET"]}}],"collection":[{"href":"https:\/\/www.butine-asso.fr\/index.php\/wp-json\/wp\/v2\/pages"}],"about":[{"href":"https:\/\/www.butine-asso.fr\/index.php\/wp-json\/wp\/v2\/types\/page"}],"author":[{"embeddable":true,"href":"https:\/\/www.butine-asso.fr\/index.php\/wp-json\/wp\/v2\/users\/1"}],"replies":[{"embeddable":true,"href":"https:\/\/www.butine-asso.fr\/index.php\/wp-json\/wp\/v2\/comments?post=572"}],"version-history":[{"count":5,"href":"https:\/\/www.butine-asso.fr\/index.php\/wp-json\/wp\/v2\/pages\/572\/revisions"}],"predecessor-version":[{"id":601,"href":"https:\/\/www.butine-asso.fr\/index.php\/wp-json\/wp\/v2\/pages\/572\/revisions\/601"}],"wp:attachment":[{"href":"https:\/\/www.butine-asso.fr\/index.php\/wp-json\/wp\/v2\/media?parent=572"}],"curies":[{"name":"wp","href":"https:\/\/api.w.org\/{rel}","templated":true}]}}